5?
-10
Evaluate (-1 - 16) + (28 - (20 - -8)).
-17
What is -33 + 17 + (8 - -21)?
13
Calculate -8 + -1 - -25 - (3 - -2 - 4).
15
Evaluate -27 + 1 - (-141 + 127).
-12
Calculate (31 - 40) + 8 + -4 + (-1 - 0).
-6
Evaluate 62 + -7 + -1 + -32.
22
What is 16 - (9 + (11 - 15))?
11
Calculate -5 + (-14 - 14) + 20.
-13
-86 + 15 - -24 - -21
-26
What is (9 - 4) + -15 - (-12 - -3)?
-1
Evaluate -13 - ((15 - 2) + (-76 - -62)).
-12
What is 3 + -2 + -2 - (196 + -190)?
-7
Calculate -8 + 11 - (-7 - (-8 - -5)).
7
23 + -3 + (-20 - -24 - 13)
11
Calculate (6 - 8) + -11 - (-13 - 3).
3
What is 302 + -294 + (-14 - 2)?
-8
(-8 - (6 + -17) - (3 - 2)) + -2
0
4 + -4 + (-17 - -17) - -9
9
What is the value of (-144 - -150) + 2 + 8?
16
Calculate 9 + 9 - (67 - 35).
-14
Evaluate -12 + 15 - ((-7 - -2) + 16).
-8
Calculate -2 - -11 - 49 - -5 - -12.
-23
What is the value of -6 + -2 - (1 - 0) - (-4064 - -4054)?
1
What is 2 - (-1 + 17 + (-89 - -79))?
-4
Calculate 42 + -65 - (-9 - -3 - 3).
-14
Evaluate 5 + (3 + (6 - 14) - 22).
-22
What is -4 - ((-1 - (-5 - -3)) + -3) - 9?
-11
7 - (12 + 8 + 0 + -6)
-7
Evaluate -1 + -15 + 8 + (-11 - -6).
-13
(0 - (-5 + 4) - (7 + 12)) + 8
-10
Calculate (1 - (-6 + 8)) + (48 - 32).
15
What is the value of (-6 + 2 - -8) + -1 + (15 - 6)?
12
What is the value of 10 + (-3 - 2) - 8 - (0 - -20)?
-23
What is -11 - -7 - -16 - 24?
-12
Evaluate (10 - 1) + -29 - -9.
-11
What is 7 + (-7 - 2) - -7 - (-16 + 24)?
-3
Calculate -23 - (2 + (2 - 42)).
15
What is the value of 19 - (-40 + -20 + 60)?
19
Calculate 21 + -31 - (-26 - -1) - -11.
26
What is the value of 17 + -7 + (-4 - (-5 - -1 - 7))?
17
10 - (-9 - (3 - 5) - -29)
-12
Calculate 22 + (4 + 0 + -4 - 0).
22
What is 21 + 2 - 37 - -28?
14
Calculate 3 - (-3 + 1 + 0) - (22 - 25).
8
What is 2 + 5 - 17 - 7 - -10?
-7
Calculate 514 - 518 - (0 - 4 - 0).
0
Evaluate (-20 + 12 - -11) + (10 - 3).
10
Calculate -3 - ((22 - 10) + -6 - 4).
-5
3 - -2 - (0 + (39 - 22))
-12
(0 - -18 - 1) + 21 + -24 + 0
14
What is 11 - 1 - (38 - 39)?
11
What is 5 + -1 + -18 + 4 + 2?
-8
What is 27 - (-18 + 22 + 3)?
20
What is 8 - (-7 + 1 - -3) - 3?
8
What is -3 + -9 + 77 + (-40 - -3)?
28
Evaluate (52 - 4 - 45) + -2 + -1.
0
What is the value of 1 + 0 - (16 + (5 + 7 - 5))?
-22
What is the value of -2 - (-2 - -3) - (-32 + 18)?
11
What is the value of -82 - -63 - (4 - 5)?
-18
What is the value of 10 + 12 + -19 - 2?
1
11 + (-82 + 26 - -37)
-8
What is the value of -9 + (-21 - -25 - 12)?
-17
What is -68 - (-4 - (-15 - -29)) - -20?
-30
What is (0 - (-2 + -3 - -5)) + 14?
14
What is 15 + (-34 - -36) + -1 + -5 + 1?
12
Calculate -4 - (5 + -24 + 5) - 0.
10
What is (9 - (7 - (11 + -15))) + 17?
15
2 + 4 + (-3 - (-1 - -3)) + 3
4
What is the value of 11 + (-1 - -1 - 8)?
3
Evaluate (-3 - (8 + 3)) + 11.
-3
What is (0 - 60) + (154 - 121)?
-27
What is the value of 8 - (-19 - (-19 + -6) - -3)?
-1
Evaluate (48 - 65 - -25) + -35 + 2.
-25
Evaluate -28 - (12 - (6 - (-20 + 9))).
-23
Calculate -1 + (12 + 4 - 19) + (1 - 24).
-27
What is 122 - 130 - (-18 + -2)?
12
What is the value of (0 - 1) + -2 + -1 - (269 + -245)?
-28
What is the value of 53 - 49 - (5 - 10) - -9?
18
Calculate -1 + -9 - (9 - 25) - (40 - 1).
-33
Evaluate -51 + (1 - -1) - (-1110 - -1091).
-30
What is 1 - ((13 - 6) + 2 - 0)?
-8
What is the value of 31 + 1 - (-5 + -34 - -42)?
29
What is -3 + 0 - ((79 - 36) + -80)?
34
(26 - (21 - -2)) + 6 + -1 + 9
17
-6 + 15 + (6 - 8) + 7 + -2
12
Evaluate (13 - 14) + (4 - (3 - 1)) - -5.
6
Evaluate (-2 - 1) + (80 - 89) - -2.
-10
11 + (-34 + 21 - -19)
17
-2 + 2 - (-27 + 27) - (2 - -19)
-21
Evaluate 22 + 31 + -24 - 0.
29
Calculate -286 - -287 - (15 - 0).
-14
13 + -31 + 34 + -11
5
What is the value of -5 - ((-1 - (-9 - (4 + -10))) + 7)?
-14
What is 88 + -80 - (-14 - (4 + -5))?
21
What is the value of -8 - ((1 - -24) + 242 + -240)?
-35
Calculate 5 + -15 + 14 + 7.
11
Evaluate (-1 - 5) + 5 + 8 + -4 + 12.
15
What is the value of 45 + -23 + 21 - 58?
-15
Calculate 200 + -204 - ((-1 + 3 - 2) + 11).
-15
(12 - (4 + -5)) + 9 - (-3 + 1)
24
What is the value of -31 - (24 - 71) - 26?
-10
Calculate 20 - (16 + -11) - 0.
15
Evaluate -3 + (-3 - -1 - (-1 - -2)).
-6
-2 + (11 - -1) + -28
-18
What is 1 - (-19 - 1) - (536 - 547)?
32
What is the value of 12 - (9 - (-12 + 11 - 5))?
-3
What is the value of -8 + 3 + (2 - 6) + 10?
1
What is the value of -2 - -7 - (-66 + 66)?
5
What is the value of (11 - ((12 - 0) + (153 - 144))) + 40?
30
What is 5 - ((13 - (5 - -2)) + 4)?
-5
What is the value of -12 - (-9 + (-11 - -11))?
-3
Calculate -14 + 6 + (-5 - (-8 - -3)).
-8
Calculate (8 - 3) + -6 + (-4 - -1) + 4.
0
920 + -903 - (-4 + 0)
21
Evaluate 0 + -34 + 17 + 7.
-10
What is 2 - (-25 + 30 - (-5 + 18))?
10
30 + -16 + 12 + 10 + -64
-28
What is (11 - 16 - (-10 - -11)) + -1 + -10?
-17
What is the value of (0 - (0 + 1)) + (-2 - (-11 - -4))?
4
((-1 - -3) + -6 - (5 + -16)) + -14
-7
What is (30 + 3 - -4) + -23?
14
0 + 3 + 13 + -10
6
Evaluate (-2 - (2 + 2 - 4)) + -3 + -8.
-13
What is the value of 566 + -583 - (-1 - 6)?
-10
Evaluate 21 - (31 - (28 - 47)).
-29
33 + -30 - (-5 - 13 - -6)
15
What is -11 + (-11 + 12 + -4 - 9)?
-23
Evaluate (1 + (1 - 6) - -3) + -2 - -4.
1
Evaluate -8 - (-21 - -21 - (-5 - -1)).
-12
-38 + (14 - ((6 - -3) + -11))
-22
What is the value of 38 - (12 + 8) - -9?
27
-37 - ((-23 - (11 - 34)) + -9 + -2)
-26
Evaluate -26 + 3 - (-1 + (0 + 4 - 11)).
-15
Calculate 2 - (-1 + 10) - (-4 + -5).
2
Evaluate -46 - (11 + -9 + -33).
-15
What is the value of 35 + (-40 - (31 - 72))?
36
10 + (-15 - -16) + -27
-16
What is the value of -80 + 69 + (-1 - 31) - -17?
-26
Calculate (1 - -3 - 0) + -58 + 62.
8
Evaluate (-1 - 5) + (9 + (7 - 10) - 12).
-12
-2 - (-37 - (14 + -33))
16
What is -1 + (-7 - (-4 + 0)) + (0 - 6)?
-10
Calculate 3 - (6 + 3) - (-18 + 21) - -7.
-2
What is the value of (-1 - (3 - -2 - 5)) + (-13 - -9)?
-5
Calculate -76 + 50 + 27 - (0 - 5).
6
Calculate -20 - (43 + -59 - (-6 + 0)).
-10
Calculate (16 - (-38 + 41)) + -20.
-7
Calculate 16 + (3 - 10) - (2 - 2).
9
Calculate 2 - (-12 - (-22 + 13) - (2 + 1)).
8
What is -5 + 6 + 0 + -5 + -4?
-8
-13 + 9 + 6 + (8 - 0) + -13
-3
Evaluate -3 + 4 - -3 - (17 - 3).
-10
What is the value of -99 + 109 - (-5 + (-3 + 3 - 3))?
18
What is the value of -3 + 33 + (-226 - -200)?
4
-54 + 52 - (-1 + -13)
12
Evaluate 248 - 224 - (7 - (2 - 2)).
17
What is the value of (-4 - -2) + 31 - 9?
20
-7 + -1 - ((-23 - -2) + 11 - -6)
-4
Calculate (12 - 0) + -10 + (-1 - -11) + -6.
6
Calculate -1 - 19 - (-76 + 69) - -5.
-8
-22 + 67 + -40 - (-15 + 0)
20
(1 - (1 - 3)) + (5 - (-3 - -9))
2
What is 4 - (4 + -2) - (4 + -1 - 11)?
10
Evaluate -19 + (2 - -11) - 7.
-13
(-3 - (-9 + 2) - 9) + (-1 - 3)
-9
What is the value of 2 + -5 + (-9 - -15 - (3 - 1))?
1
What is (4 - 15 - (-15 - (1 - 6))) + -8?
-9
What is -3 + (5 - -3) + -11?
-6
What is -6 - -5 - 10 - (-21 + 18)?
-8
Evaluate -37 + 28 - (6 - 18).
3
15 + -23 - (-5 - ((-4 - -3) + -4))
-8
What is the value of 17 - (-5 + (16 - -5))?
1
3 - (-11 + 7) - (-14 - -6 - -20)
-5
What is the value of 2 + -8 + 16 - 1?
9
Evaluate (13 - -2) + (107 - 125) - 14.
-17
What is 3 - ((71 - 29) + -41)?
2
4 + (11 + -1 + 15 - 15)
14
Calculate -8 - -2 - (-42 + 14 + 20).
2
(-27 - -4) + (2 + -4 - 1)
-26
What is (-9 - 0) + 2 + 13 + 8 + 2?
16
What is the value of -41 - -58 - (8 + 10)?
-1
Evaluate 4 + ((-13 - (-4 - 3)) + 0 - -16).
14
(-1 - (-3 - (-2 - 1))) + -30 + 43
12
What is 18 - (-22 - -31) - (0 + 1)?
8
Evaluate 27 + (-42 - (-2 + -5)).
-8
What is 112 - 116 - (-12 - -1)?
7
What is the value of -42 - (22 - 46) - -49?
31
Evaluate (85 - 86) + -4 + -1.
-6
What is 56 - (23 - (-32 - -21))?
22
What is the value of (-2 + -11 - -12) + 19?
18
(-11 + 12 - -3 - 6) + 0 - 4
-6
What is the value of -2 - (-2 + -3) - ((48 - 21) + -21)?
-3
What is -2 + 6 + (2 - (-3 - (-1 - 6)))?
2
(10 - 0) + 8 + (-16 - -6)
8
Calculate 1 - 9 - (2 - (-3 - 9)).
-22
What is -14 + (22 + -1 - 1)?
6
Calculate (11 + 2 - (62 + -52)) + -16.
-13
(-965 - -963) + (-1 - -9) + 0
6
What is the value of (6 + -2 - (8 - 10)) + (-36 - -2)?
-28
What is the value of (0 - (-1 - -6)) + 8 + 17 + -2?
18
What is the value of 0 + 1 + -34 + (104 - 4) + -94?
-27
What is -6 - (-10 - (-12 + (-5 - -13)))?
0
What is the value of -10 + 39 - (-23 - -35)?
17
Evaluate 19 - (-16 + -7 - -33).
9
Evaluate 7 + -2 - (0 + -8 - -15) - -1.
-1
What is the value of 4 + -18 + 23 + 3 + 6?
18
